 p = 82 - 52. Let b(m) = 98*m - 7. Let q be b(1). Let z = 121 - q. Calculate the highest common divisor of p and z.
30
Let c = 9150 - -9946. Calculate the highest common factor of c and 88.
88
Suppose 3*a = 9, 24*n - 27*n - 5*a + 378 = 0. What is the highest common factor of n and 2783?
121
Suppose 3*c = -5*q + 1557 + 4348, 0 = -10*c + 3*q + 19762. Calculate the greatest common factor of 50 and c.
25
Suppose -l = -5*x - 7, -6*x = 3*l - 2*x - 2. Suppose 0 = -3*k + l*r + 406, 3*r = 4*k + 5*r - 518. Calculate the greatest common divisor of 24 and k.
12
Let z be 123 - ((-22)/(-4) + 12/(-8)). Let k = z - 114. Suppose -5*s + 3 + 2 = 0. What is the highest common divisor of k and s?
1
Let r be (3/(-6) - -1)*(132 + 10). Suppose -4*a - 61 = -2*x + r, -129 = -2*x + 3*a. Calculate the highest common divisor of x and 330.
30
Suppose -432*p - 20080 = -472*p. What is the highest common divisor of p and 2?
2
Let v = 480 - 363. Suppose 2*o - 133 = v. Let x(h) = -2*h**3 - 5*h**2 - h - 2. Let i be x(-4). Calculate the highest common divisor of i and o.
25
Suppose 0 = -2*f - 2*m + 12, -192*f - 3*m + 8 = -190*f. Suppose 2*n = 393 + 493. Suppose -107 = -5*b + n. What is the greatest common divisor of b and f?
10
Suppose -15*c + 12726 = 187*c. Calculate the highest common divisor of 4977 and c.
63
Let o be -2 - (-1)/((-1)/24). Let j = o - -49. Let y = 2372 - 2349. Calculate the highest common divisor of y and j.
23
Let d = 110 + -104. Let x be (0 - d/4) + (-91)/(-14). Let z(y) = 4*y**3 - 4*y**2 + y + 18. Let n be z(x). What is the greatest common factor of 47 and n?
47
Let h(r) = -2*r - 8. Let b be h(-9). Suppose b*o + 972 = 16*o. What is the highest common factor of 27 and o?
27
Let x = 22735 + -16422. Calculate the highest common factor of x and 214.
107
Let r = -119 - -136. Let u = 129 + -27. Suppose 2*n + n = u. Calculate the greatest common divisor of r and n.
17
Let y = -149 - -3. Let a = y + 150. Suppose -4*m - a*f = -7*f - 848, 16 = -4*f. What is the greatest common divisor of m and 19?
19
Suppose 8*k = 206 - 134. Suppose -2*a + 14 + 4 = 0. Calculate the greatest common divisor of a and k.
9
Suppose -v - 188 = 2*f - 195, 2*f = 2*v - 26. What is the greatest common divisor of 15103 and v?
11
Let j be (1/(-3))/((-12)/(-36)). Let k be (-3)/(-3) + -1 + j + -19. Let l = k - -30. What is the greatest common divisor of 40 and l?
10
Let n = -19 + -2. Let t = 33 + n. Let h be (t/8)/((-18)/(-12)). Calculate the highest common divisor of 9 and h.
1
Let t be 100*(1 + ((-12)/10)/2). Let b = 210 + -200. What is the greatest common divisor of b and t?
10
Suppose -i - 7 = -d, 4*i + 8 = -d - 5. Suppose 12 = -d*s + 4*o, o = 3 - 0. Suppose s = 33*u - 37*u + 1116. What is the greatest common factor of 31 and u?
31
Suppose 0 = 2*a - 8 - 50. Let v = -29 + a. Suppose v = -w - 4*f + 20, 0*f = w + f - 26. What is the greatest common factor of w and 14?
14
Let l be (-12)/60 + 1593/15 - 5. Suppose -l = -s + 104. Calculate the greatest common factor of 82 and s.
41
Suppose 10*w + 838 = -1182. Let x = 222 + w. Calculate the greatest common divisor of x and 40.
20
Let h be -31 + -2 + (-1 - -2). Let t(j) = 2*j**2 + 29*j + 55. Let k be t(-10). Let u = h - k. What is the greatest common factor of u and 27?
3
Suppose -40*c - 18*c + 209728 = 0. What is the greatest common divisor of 24 and c?
8
Suppose 14*b - 9*b + 58535 = 5*s, -s - 3*b + 11695 = 0. What is the greatest common factor of s and 88?
88
Let y(n) = -14*n + 8. Let f be y(-3). Let p = 76 - f. Let w be (4/6 + -1)*(-62 + p). Calculate the highest common factor of w and 3.
3
Suppose 9319 = 20*d - 84401. Calculate the greatest common factor of d and 330.
66
Suppose -22*c - 191 + 3557 = 0. Suppose 144*t = c*t - 468. Calculate the highest common divisor of t and 221.
13
Let l = 4561 - -9552. What is the greatest common divisor of l and 11?
11
Let r be 1840960/144 + (-8)/18. What is the greatest common divisor of r and 272?
272
Suppose -5*y + 176 = w, -800 = -4*w - 2*y - 60. What is the greatest common divisor of w and 5952?
186
Suppose 3*q = 4*y + 28 - 4, -2*q + 3*y + 17 = 0. Let p(o) = 15*o - 2. Let z be p(-4). Let l = z - -64. What is the greatest common divisor of l and q?
2
Let w = 3018 + -2166. What is the greatest common divisor of w and 2769?
213
Let a be ((-18965)/(-35) - -10) + 7/49. What is the highest common factor of 57 and a?
3
Suppose 0 = 10*y - 3*y - 84. Let r be (y/9)/(12/9). Let i(p) = 35*p**2 - p. Let l be i(r). What is the greatest common divisor of l and 102?
34
Suppose 0 = -2*h + 2*u + 296, -3*h + 0*h + 436 = -u. Let m(f) = f**3 + 5*f**2 - 2. Let t be m(-3). Calculate the greatest common factor of t and h.
16
Let s be ((-2)/(-6) - (-94)/141)*4117. What is the highest common factor of 23 and s?
23
Let x be 282/(4/(8/(-3))). Let h = x + 203. What is the highest common factor of h and 75?
15
Suppose 5*i = -2*q + 35, 5*i + 0*i - 25 = 0. Let m = -32 + q. Let z = m - -29. What is the highest common divisor of 5 and z?
1
Suppose -5*j + 35 = -5*s, -j + 19 = -24*s + 19*s. Let h be 6/j*3082/69. Calculate the greatest common factor of h and 737.
67
Suppose -205 = -8*o + 427. Suppose o*w - 80*w + 234 = 0. Calculate the highest common divisor of w and 26.
26
Suppose m + 3*m = 2*s + 948, -5*s + 711 = 3*m. Let y = -236 + m. Calculate the highest common factor of 9 and y.
1
Let y be -27 + (8/10)/((-1)/5). Let f be (-2 - 9/3)/(y/93). Calculate the highest common factor of 6 and f.
3
Suppose 237 = 3*j + 30. Let t be (14 + -20)*(-1)/2. Suppose 2*z - 3*w + 2*w = j, 4*z + t*w - 143 = 0. Calculate the greatest common factor of z and 105.
35
Let y = 179 - 171. Let a = -183 + 265. Let x = a + -50. What is the greatest common factor of y and x?
8
Let u(q) = q**3 - q**2 + 41. Let f be u(0). Suppose 4*k = 4, -t - 5*k = -2*k + 35. Let m = t + f. Calculate the greatest common factor of m and 15.
3
Suppose 4*w = -5*x + 2979, w - x + 2*x - 745 = 0. Let m = w - 186. Calculate the greatest common factor of m and 160.
80
Suppose 4*i - j + 1317 = -0*i, -327 = i - j. Let b = i + 396. Calculate the highest common factor of 18 and b.
6
Suppose 3*u + 71 = 4*o, -2*u - 71 = -5*o + 16. Suppose -3*b + 767*n = 772*n - 887, 0 = -b + 4*n + 273. What is the highest common factor of b and o?
17
Let a be ((-13992)/106)/((-309)/(-105) + -3). Calculate the greatest common factor of a and 506.
22
Let z be ((-1)/(-5))/((-53)/265). Let t be (-1120)/(-21)*((-17)/(-4) - z). Calculate the greatest common factor of t and 105.
35
Let r = -216 - -335. Let s be (-3)/9*-6*1. Suppose -s = -2*m + 32. What is the highest common factor of r and m?
17
Let m(g) = 7*g - 116. Let v be m(29). Let c be 0 + (-349 - -1)*(-15)/30. Calculate the greatest common factor of c and v.
87
Suppose -294 = -s - 2*s. Let f = 71926 + -71814. What is the highest common divisor of s and f?
14
Suppose -93*j = -98*j. Suppose 30*l - 36*l + 30 = j. Suppose 0 = -5*a - 3*t + 61, -l*a + 38 = -a - 3*t. What is the highest common factor of 176 and a?
11
Suppose 4*u - 33 = -37. Let b be u - 8/4 - (-27)/1. Let n = -2 + b. Calculate the highest common divisor of 2 and n.
2
Let y(f) = -f**3 + 8*f**2 + 17*f. Let n be -3 + ((-24)/(-3) - -2). Let t be y(n). What is the highest common divisor of 98 and t?
14
Let k(y) = 2*y**2 + 16*y - 42. Let f be k(12). Suppose 0 = f*x - 437*x - 224. Calculate the highest common factor of x and 7.
7
Suppose -241*b - 744 = -123*b - 126*b. What is the highest common divisor of b and 25203?
93
Let h = 17 + -16. Suppose h = b - 1. Let m(p) = p**2 + 5. Let y be m(0). Calculate the greatest common divisor of y and b.
1
Suppose 5*n - o + 6*o - 425 = 0, -2*n = -5*o - 198. Let r = n + -33. Calculate the highest common factor of 14 and r.
14
Let f(a) = 7*a**2 - 158*a - 157. Let l be f(-1). Calculate the greatest common divisor of l and 1000.
8
Let k(s) = 7*s + 8*s - 5 + 4 - 9. Let r(u) = -8*u + 5. Let m(f) = 4*k(f) + 7*r(f). Let i be m(5). Calculate the greatest common factor of 105 and i.
15
Let y be 28/((-7)/1)*6/(-8). Let n = -72 + 89. Let r(a) = -2*a**2 + 35*a + 16. Let z be r(n). What is the highest common divisor of y and z?
3
Let y(d) = d**3 - 2*d**2 + 3*d + 23928. Let w be y(0). Suppose 0 = -29*b + w + 13308. Calculate the greatest common factor of b and 12.
12
Let i be (-216)/(-21) 